p = -w. What is the highest common factor of 49 and w?
7
Suppose -6*i - 15 = -i. Suppose 5*m - 12 - 10 = 4*l, -3*m + 15 = -3*l. Let k be (i - -4) + 46/m. Calculate the greatest common factor of k and 60.
12
Let u(g) = -g**2 + 2*g. Let k be u(4). Let y = k - -98. Suppose 0 = 5*z - 3*p - 189, -4*p - 12 = -0*p. What is the highest common factor of z and y?
18
Let q be 12/18 - 7/(-3). Let j(v) = -9*v - 3. Let l be j(q). Let b be (5/(-15))/(2/l). What is the greatest common divisor of 20 and b?
5
Let h(v) = -v**2 - v + 6. Let q be h(0). Let j be q/21 - (-75)/7. What is the greatest common factor of j and 88?
11
Suppose -3*g = -5*g. Let k be g/2 - (-30 - 2). Suppose 4*u = 14 + 2. What is the greatest common divisor of k and u?
4
Let p be (3/2)/((-1)/(-12)). Let a = 20 + -4. Suppose -76 + a = -5*c. What is the highest common factor of p and c?
6
Suppose -2*i + 156 = -g, 3*i - 6*i + 3*g = -237. Calculate the highest common factor of i and 11.
11
Suppose -4*w - 4 = 0, -4*w - w = 2*u - 27. Suppose 4*f = -4*o - 40, -6*o + o + 50 = -5*f. Let g = u + f. Calculate the highest common divisor of 48 and g.
6
Let c be (1 + 1)*(-20)/(-8). Suppose 37 + 113 = c*o. Suppose -64 = -3*d - d - r, 67 = 5*d - 2*r. Calculate the greatest common factor of o and d.
15
Let u be (1*2)/((-6)/(-15)). Suppose h + 3 = u. Suppose 2*i - 45 = -2*v + 7*i, h*i - 156 = -5*v. What is the highest common factor of 6 and v?
6
Let y = 29 + -23. Let v be (-15)/3*(-8)/(-10). Let z = y - v. What is the highest common divisor of 30 and z?
10
Let g(s) = -31*s - 1. Suppose 15 = -5*z - 0. Let t be g(z). Calculate the greatest common divisor of t and 23.
23
Let o be 3/12 - 3/(-4). Let v(h) = h + 3. Let x be v(8). Let j = 20 - x. Calculate the highest common divisor of o and j.
1
Let f be (-80)/(-3)*(-9)/(-3). Calculate the greatest common divisor of 32 and f.
16
Suppose 58 = 6*n - 134. Calculate the greatest common divisor of 24 and n.
8
Let i = -6 - 5. Let g = i + 181. Suppose 5*a + 0*j - 425 = -2*j, -g = -2*a + 4*j. Calculate the highest common divisor of a and 34.
17
Suppose -d - d + 42 = 0. What is the greatest common factor of d and 3?
3
Let r = -215 + 357. Let y = -70 + r. Calculate the greatest common divisor of y and 9.
9
Suppose -5*o = -2*x - 640, -2*x + 5*x + 640 = 5*o. Calculate the greatest common divisor of 16 and o.
16
Let f be (34/4)/((-1)/(-2)). Suppose -140 + 412 = 2*t. Calculate the greatest common divisor of t and f.
17
Let q(l) = 11*l**2 - l - 2. Let b(f) = -f**2 - 5*f + 2. Let p be b(-5). Let g be q(p). Suppose 2*s = -8 + g. Calculate the greatest common factor of 144 and s.
16
Let p(f) = -3*f**3 - 3*f**2 + 6*f + 10. Let n be p(-4). What is the highest common divisor of 13 and n?
13
Let v(i) = -2*i + 4. Let f be v(-6). Let p be -1 - (-2*1 + -39). What is the highest common divisor of p and f?
8
Suppose -y + 3 = 1. Let p be 1 - (-3 + -2 - y). Calculate the highest common divisor of 12 and p.
4
Suppose 0 = -4*b + b + 3. Let z be 15/(-15)*(b + -12). Calculate the highest common factor of 77 and z.
11
Let g(d) = -2*d - 1. Let y be g(-19). What is the highest common factor of y and 333?
37
Suppose 3*z + 2*z - 25 = 0. Suppose 90 + 70 = z*b. What is the greatest common divisor of b and 8?
8
Let q(n) = 3*n**2 + n. Let l be q(-1). Suppose -120 = -3*r - l*r. Suppose -m = m - r. Calculate the greatest common factor of 6 and m.
6
Suppose 3*d = 3*l - 15, -l + 6*l + d = 19. Calculate the highest common divisor of 6 and l.
2
Let y = -59 - -85. Calculate the highest common divisor of 208 and y.
26
Let a be (12/(-10))/((-5)/25). Suppose -35 = g - a*g. Calculate the highest common factor of 1 and g.
1
Let k = -2 - -12. Suppose 0 = 29*x - 32*x + 330. What is the greatest common factor of k and x?
10
Suppose -2*d - 40 = -7*d - 5*s, 2*s + 4 = 3*d. Suppose 3*z + 3*l - 6 = 0, -17 = -d*z - 2*l - 3. What is the highest common factor of z and 35?
5
Suppose 3*f - 2*n - 3*n - 405 = 0, 4*n + 405 = 3*f. Calculate the highest common divisor of f and 15.
15
Let s be 0/3 + (1 - -129). Let w(a) = 2*a**2 + 5*a - 2. Let p be w(-6). Let z = p - 27. Calculate the greatest common factor of z and s.
13
Let z be (-6)/(-21)*(28 + 7). What is the highest common factor of 160 and z?
10
Suppose 0*h = -4*h - 32. Let q be h/12 - (-8)/3. What is the greatest common divisor of 10 and q?
2
Suppose 7 + 25 = x. Suppose -3*c - 47 = -2*t, 2*t - 9 = -3*c + x. Calculate the highest common factor of t and 2.
2
Let x(v) = -v**3 + 2*v - 4. Let n be x(-4). Let j = -16 + 29. What is the highest common factor of j and n?
13
Let q be 0/(-2 + 0) - -6. Let m(u) = u - 3. Let i be m(5). Suppose 4*b = -2*w + 3 - 7, -2*b - 8 = -i*w. Calculate the greatest common factor of w and q.
2
Suppose -3*t + 21 = -0. Suppose -3*w - 2*z + 230 = 0, 3*w - t*w + 300 = 4*z. Let j(k) = -k + 10. Let q be j(0). What is the highest common divisor of q and w?
10
Suppose t + t = 20. Suppose -4*d + 3*d = -5. Suppose 5*f - 165 = -d*g, -g - 5*f + 68 - 23 = 0. Calculate the greatest common factor of g and t.
10
Let s(r) = -r**2 + 3*r. Let h be s(3). Suppose c = h, 4*y - 30 - 26 = c. Calculate the highest common factor of 112 and y.
14
Let u = 18 - 4. Suppose u = a - 2*s, 2*s - 16 = -a - 6. Suppose f + k = -4*k + 33, 3*f - 5*k = 159. What is the highest common factor of a and f?
12
Let y be -8 - -6 - (-3 + 1). Let l be y/(-3) - 1 - -2. Let o be l*(-2)/4*-6. Calculate the greatest common factor of 1 and o.
1
Suppose 3*a + 240 = -3*m, -3*a - 52 = -2*m - 207. Let z = m - -149. What is the greatest common divisor of 14 and z?
14
Let c(j) = -13*j - 15. Let r be c(-5). What is the highest common divisor of r and 125?
25
Let x(s) be the first derivative of s**4/4 - 11*s**3/3 - 7*s**2/2 - 5*s - 5. Let g be x(12). What is the greatest common divisor of g and 5?
5
Let u(y) = 2*y - 7. Let s be u(6). Calculate the highest common divisor of s and 35.
5
Let o be 2/(-2) - (-36 - -1). Let p(h) = 4*h - 9. Let c be p(15). Calculate the greatest common divisor of o and c.
17
Let q(b) = b + 12. Let a be q(16). Calculate the greatest common factor of 42 and a.
14
Let n be 30/(-50) + 6/10. Let c = n - -6. Calculate the greatest common divisor of c and 9.
3
Let p(s) = 23*s + 1. Let y be p(1). Calculate the greatest common factor of 12 and y.
12
Let a be (0 + 3)/(3/22). Let h = 17 + a. Calculate the greatest common factor of 13 and h.
13
Let h(p) = -p**2 + 5*p + 6. Let b be h(6). Suppose -3*d + 69 = -b*d. What is the greatest common divisor of d and 69?
23
Let t(x) be the third derivative of x**4/24 - x**3/2 - x**2. Let c be t(8). What is the greatest common factor of 45 and c?
5
Suppose 4*x = -q + 108, 5*q - 61 = -3*x + 3. Calculate the greatest common factor of x and 42.
14
Let z(d) be the first derivative of -d**3/3 + 4*d**2 - 2*d - 2. Let v be z(7). Let a = v + 15. What is the highest common factor of 8 and a?
4
Suppose -2*l = -5*l + 138. Suppose -l + 211 = 5*q. What is the highest common divisor of q and 3?
3
Suppose -43 = -3*l - 4*y + 10, 12 = -3*y. Suppose 2*x = r - 144, -3*r + 2*x + 408 = 4*x. Calculate the highest common divisor of r and l.
23
Suppose 0*k = -4*k. Suppose k = -q + 4*q - 90. Suppose r - 5 = -5*z + 21, -10 = r - 4*z. Calculate the highest common divisor of r and q.
6
Let u be -11 + 2 + 1 - 0. Let v be 3/(12/(-26))*u. Calculate the greatest common factor of v and 13.
13
Let s(x) = 5*x + 1. Let w be s(1). Suppose -14 - w = -2*l. Calculate the highest common divisor of 70 and l.
10
Let d = 1 - -9. Calculate the highest common divisor of 80 and d.
10
Let t be 3/(5/(40/6)). Let h = 6 + -2. Calculate the highest common divisor of t and h.
4
Let y(v) = v**2 + 2*v - 6. Let z be y(3). Calculate the highest common factor of 108 and z.
9
Suppose 2*l = 2 + 16. Let o be (-3)/((-1)/(6*2)). Calculate the highest common factor of o and l.
9
Let m = -11 - -19. Let r = -5 + m. Let j(y) = 24*y + 3. Let x be j(r). Calculate the highest common factor of x and 15.
15
Suppose -r + h = -3*h - 65, -4*r + 323 = 5*h. Calculate the highest common divisor of 11 and r.
11
Let g(y) = 5*y**3 - 2*y**2 - 2. Let m be g(2). What is the greatest common divisor of m and 6?
6
Let v(a) = 6*a**3 - 2*a**2 + 2*a + 3. Let h be v(3). Calculate the highest common factor of h and 17.
17
Suppose -2*f = -3*m - 9, -m